
2
What is the ten millions digit of 42372058?
4
What is the millions digit of 3613219112?
3
What is the millions digit of 522673768?
2
What is the ten millions digit of 922111883?
2
What is the hundred thousands digit of 5474905691?
9
What is the ten millions digit of 107107675?
0
What is the thousands digit of 186176360?
6
What is the ten thousands digit of 1879744544?
4
What is the thousands digit of 108048244?
8
What is the hundreds digit of 161274621?
6
What is the hundred thousands digit of 991312650?
3
What is the ten thousands digit of 789775513?
7
What is the tens digit of 8824200?
0
What is the tens digit of 291776582?
8
What is the ten thousands digit of 357622305?
2
What is the hundred millions digit of 1972560914?
9
What is the thousands digit of 276254815?
4
What is the thousands digit of 174860811?
0
What is the tens digit of 19970102?
0
What is the hundreds digit of 16019080?
0
What is the ten thousands digit of 702988325?
8
What is the ten thousands digit of 14058578?
5
What is the thousands digit of 4815874777?
4
What is the tens digit of 120591426?
2
What is the millions digit of 153203082?
3
What is the tens digit of 203354901?
0
What is the millions digit of 25436833?
5
What is the millions digit of 347206531?
7
What is the hundred thousands digit of 36436303?
4
What is the thousands digit of 1292096842?
6
What is the hundreds digit of 477186361?
3
What is the units digit of 39504604?
4
What is the units digit of 1233503497?
7
What is the thousands digit of 1280856853?
6
What is the units digit of 29569006?
6
What is the thousands digit of 187109908?
9
What is the hundred millions digit of 182156059?
1
What is the millions digit of 12392858?
2
What is the ten thousands digit of 2786217617?
1
What is the thousands digit of 907432961?
2
What is the tens digit of 1070901521?
2
What is the hundred millions digit of 596840236?
5
What is the hundreds digit of 112315187?
1
What is the millions digit of 1739107673?
9
What is the thousands digit of 87339966?
9
What is the millions digit of 434534808?
4
What is the hundred millions digit of 269369238?
2
What is the units digit of 678460613?
3
What is the millions digit of 708946699?
8
What is the tens digit of 45578595?
9
What is the hundred thousands digit of 118877626?
8
What is the hundred millions digit of 409249131?
4
What is the billions digit of 1128855110?
1
What is the millions digit of 346762906?
6
What is the hundreds digit of 1029426207?
2
What is the ten millions digit of 18006974?
1
What is the ten thousands digit of 37405405?
0
What is the millions digit of 25735063?
5
What is the tens digit of 27457418?
1
What is the tens digit of 525713686?
8
What is the hundred thousands digit of 347479009?
4
What is the units digit of 79179509?
9
What is the ten thousands digit of 307830541?
3
What is the ten thousands digit of 107141646?
4
What is the tens digit of 130384649?
4
What is the units digit of 253190634?
4
What is the hundred thousands digit of 2831687052?
6
What is the thousands digit of 127308453?
8
What is the tens digit of 9018448?
4
What is the thousands digit of 225708352?
8
What is the hundred thousands digit of 2307567654?
5
What is the units digit of 5982781138?
8
What is the thousands digit of 262531966?
1
What is the tens digit of 57167657?
5
What is the hundred millions digit of 531350678?
5
What is the ten thousands digit of 69473562?
7
What is the millions digit of 25060378?
5
What is the hundred thousands digit of 108149023?
1
What is the millions digit of 39810424?
9
What is the ten millions digit of 146244219?
4
What is the hundreds digit of 66645141?
1
What is the tens digit of 450699262?
6
What is the hundred thousands digit of 1563537110?
5
What is the units digit of 31147819?
9
What is the units digit of 1533667213?
3
What is the hundred thousands digit of 3473438147?
4
What is the hundred thousands digit of 430560039?
5
What is the millions digit of 51991320?
1
What is the hundred thousands digit of 224248482?
2
What is the ten millions digit of 56035487?
5
What is the thousands digit of 10841771?
1
What is the hundred thousands digit of 6258375192?
3
What is the hundreds digit of 330775896?
8
What is the ten thousands digit of 791142576?
4
What is the tens digit of 74673006?
0
What is the hundred millions digit of 3186811698?
1
What is the thousands digit of 2314524?
4
What is the millions digit of 526871082?
6
What is the hundreds digit of 16745982?
9
What is the ten thousands digit of 44100534?
0
What is the millions digit of 97740685?
7
What is the hundreds digit of 1821608475?
4
What is the hundreds digit of 759294870?
8
What is the ten millions digit of 68960094?
6
What is the hundred thousands digit of 8686337636?
3
What is the ten millions digit of 1338681524?
3
What is the units digit of 65974281?
1
What is the millions digit of 743431677?
3
What is the ten thousands digit of 68982921?
8
What is the tens digit of 333797189?
8
What is the ten millions digit of 2896515024?
9
What is the tens digit of 66377409?
0
What is the ten millions digit of 1253376857?
5
What is the units digit of 19309068?
8
What is the ten thousands digit of 18735433?
3
What is the tens digit of 5348201643?
4
What is the tens digit of 465570943?
4
What is the units digit of 6753022775?
5
What is the tens digit of 24329712?
1
What is the tens digit of 75178375?
7
What is the ten millions digit of 79465824?
7
What is the hundred thousands digit of 3938463?
9
What is the hundreds digit of 10575698?
6
What is the tens digit of 4748738271?
7
What is the ten millions digit of 197485998?
9
What is the hundreds digit of 48499186?
1
What is the hundred millions digit of 2837952927?
8
What is the hundreds digit of 323034621?
6
What is the tens digit of 2082249462?
6
What is the thousands digit of 163042154?
2
What is the thousands digit of 73692116?
2
What is the hundred thousands digit of 4130588891?
5
What is the millions digit of 302450078?
2
What is the tens digit of 6040430?
3
What is the hundreds digit of 79396118?
1
What is the hundred thousands digit of 1119542661?
5
What is the hundred millions digit of 1194301642?
1
What is the thousands digit of 74261849?
1
What is the hundred millions digit of 220827240?
2
What is the tens digit of 95335635?
3
What is the ten thousands digit of 102509556?
0
What is the thousands digit of 183528940?
8
What is the tens digit of 302550470?
7
What is the thousands digit of 8417877444?
7
What is the ten thousands digit of 474830404?
3
What is the ten thousands digit of 121891160?
9
What is the units digit of 429094842?
2
What is the ten millions digit of 31468152?
3
What is the tens digit of 79085677?
7
What is the ten millions digit of 44535202?
4
What is the units digit of 254804144?
4
What is the units digit of 34680072?
2
What is the hundreds digit of 755275219?
2
What is the tens digit of 555177953?
5
What is the millions digit of 27443808?
7
What is the hundred millions digit of 173166441?
1
What is the hundreds digit of 5475362205?
2
What is the hundred thousands digit of 3750957799?
9
What is the hundred thousands digit of 329000947?
0
What is the thousands digit of 3323720611?
0
What is the ten thousands digit of 25050199?
5
What is the tens digit of 5073883838?
3
What is the tens digit of 630228571?
7
What is the tens digit of 745918281?
8
What is the millions digit of 687089699?
7
What is the units digit of 40784066?
6
What is the thousands digit of 64652940?
2
What is the millions digit of 61242605?
1
What is the ten thousands digit of 1125952?
2
What is the thousands digit of 2752903547?
3
What is the hundreds digit of 47644465?
4
What is the hundreds digit of 425625817?
8
What is the thousands digit of 2918578906?
8
What is the hundred thousands digit of 501760007?
7
What is the ten thousands digit of 312890920?
9
What is the millions digit of 2481128?
2
What is the thousands digit of 218161442?
1
What is the hundreds digit of 3407782772?
7
What is the ten millions digit of 12487463?
1
What is the hundred thousands digit of 485080405?
0
What is the thousands digit of 325331612?
1
What is the hundreds digit of 4048811041?
0
What is the ten thousands digit of 263519515?
1
What is the tens digit of 979783276?
7
What is t